{"id":180,"date":"2021-03-11T21:27:02","date_gmt":"2021-03-11T21:27:02","guid":{"rendered":"https:\/\/blepsvision.com\/?page_id=180"},"modified":"2021-03-31T20:42:03","modified_gmt":"2021-03-31T20:42:03","slug":"aviso-de-privacidad","status":"publish","type":"page","link":"https:\/\/blepsvision.com\/en\/aviso-de-privacidad\/","title":{"rendered":"Notice of Privacy"},"content":{"rendered":"<p>[et_pb_section fb_built=&#8221;1&#8243; admin_label=&#8221;About Section&#8221; _builder_version=&#8221;4.6.6&#8243; background_color=&#8221;#f7f7f7&#8243; custom_padding=&#8221;90px||90px|&#8221;][et_pb_row admin_label=&#8221;Section Title&#8221; _builder_version=&#8221;4.9.1&#8243; width=&#8221;58.6%&#8221; custom_margin=&#8221;|557px|79px|418px||&#8221; custom_padding=&#8221;27px|23px|0px|0px||&#8221; locked=&#8221;off&#8221;][et_pb_column type=&#8221;4_4&#8243; _builder_version=&#8221;3.25&#8243; custom_padding=&#8221;|||&#8221; custom_padding__hover=&#8221;|||&#8221;][et_pb_text admin_label=&#8221;Title&#8221; _builder_version=&#8221;4.9.1&#8243; text_font=&#8221;||||||||&#8221; text_text_color=&#8221;#446572&#8243; header_font=&#8221;||||||||&#8221; header_text_color=&#8221;#446572&#8243; header_2_font=&#8221;Montserrat|600||on|||||&#8221; header_2_text_align=&#8221;center&#8221; header_2_font_size=&#8221;30px&#8221; custom_margin=&#8221;||5px|&#8221; animation_style=&#8221;slide&#8221; animation_direction=&#8221;top&#8221; animation_intensity_slide=&#8221;20%&#8221; animation_starting_opacity=&#8221;100%&#8221; hover_enabled=&#8221;0&#8243; sticky_enabled=&#8221;0&#8243;]<\/p>\n<h2 style=\"text-align: center;\"><span style=\"color: #446572;\">Aviso de privacidad<\/span><\/h2>\n<p>[\/et_pb_text][et_pb_text _builder_version=&#8221;4.9.1&#8243; _module_preset=&#8221;default&#8221; inline_fonts=&#8221;Lato&#8221;]<\/p>\n<p><span style=\"color: #000000;\"><strong>Identidad y Domicilio del Responsable<\/strong><\/span><\/p>\n<p><span style=\"color: #000000;\">BLEPS VISION S.A. de C.V., a quien en lo subsecuente se le denominara\u0301 EL RESPONSABLE, con domicilio en Prolongaci\u00f3n Uruapan poniente 1418 int 21\u00a0 \u00a0Col.\u00a0La\u00a0Michoacana. Metepec, Estado de M\u00e9xico, C.P. 52166, hace de su conocimiento lo siguiente: EL RESPONSABLE, lo es de la recolecci\u00f3n y manejo de sus datos personales y para estos efectos cumple con todos los requerimientos estipulados por la ley de la materia y dem\u00e1s ordenamientos relativos en materia de Protecci\u00f3n de Datos Personales. De manera particular ma\u0301s no exclusiva se cumplen con los principios que incluyen licitud, calidad, seguridad, consentimiento y responsabilidad.<\/span><\/p>\n<p><span style=\"color: #000000;\"><strong>Medios de obtenci\u00f3n y recolecci\u00f3n de Datos Personales.<\/strong><\/span><\/p>\n<p><span style=\"color: #000000;\">\u201cEL RESPONSABLE\u201d hace de su conocimiento que sus datos pueden ser recabados por los siguientes medios:<\/span><\/p>\n<ul>\n<li><span style=\"color: #000000;\">De manera directa y personal en nuestras oficinas con el domicilio anteriormente mencionado.<\/span><\/li>\n<li><span style=\"color: #000000;\">Vi\u0301a telefo\u0301nica.<\/span><\/li>\n<li><span style=\"color: #000000;\">V\u00eda Correo Electr\u00f3nico.<\/span><\/li>\n<li><span style=\"color: #000000;\">V\u00eda nuestro sitio web<\/span><\/li>\n<\/ul>\n<p><span style=\"color: #000000;\"><strong>Datos Personales a Recabar<\/strong><\/span><\/p>\n<p><span style=\"color: #000000;\">De igual manera hacemos de su conocimiento que recopilaremos los siguientes datos de manera directa:<\/span><\/p>\n<ul>\n<li><span style=\"color: #000000;\">Name and surname<\/span><\/li>\n<li><span style=\"color: #000000;\">Fecha de nacimiento.<\/span><\/li>\n<li><span style=\"color: #000000;\">C\u00f3digo Postal.<\/span><\/li>\n<li><span style=\"color: #000000;\">Correo electr\u00f3nico.<\/span><\/li>\n<li><span style=\"color: #000000;\">Tel\u00e9fono.<\/span><\/li>\n<li><span style=\"color: #000000;\">Profesi\u00f3n<\/span><\/li>\n<\/ul>\n<p><span style=\"color: #000000;\"><strong>Usos de los Datos<\/strong><\/span><\/p>\n<p><span style=\"color: #000000;\">\u200bEL RESPONSABLE recaba, utiliza, almacena, transmite o transfiere sus datos personales, en la medida en que la Ley lo permite, para cumplir con las obligaciones derivadas de la relacio\u0301n de Cliente\/Prestador de Servicios que con usted se cree, asi\u0301 como para otorgar los servicios contratados, Tra\u0301mites de facturacio\u0301n y envi\u0301o de comunicaciones promocionales de productos y servicios.<\/span><\/p>\n<p><span style=\"color: #000000;\">EL RESPONSABLE podra\u0301 hacer uso de sus datos personales para otras finalidades, siempre y cuando dichas finalidades sean compatibles y puedan considerarse ana\u0301logas a las anteriores.<\/span><\/p>\n<p><span style=\"color: #000000;\"><strong>Derechos ARCO<\/strong><\/span><\/p>\n<p><span style=\"color: #000000;\">Usted tiene derecho a Acceder a sus datos personales que poseemos y al detalle de los tratamientos de los mismos, Rectificarlos en caso de que sean inexactos o incompletos, Cancelarlos cuando considere que no se requieren para alguna de las finalidades sen\u0303aladas en el presente Aviso de Privacidad, este\u0301n siendo utilizados para fines no consentidos, o haya finalizado la relacio\u0301n contractual o de servicio, o bien Oponerse al tratamiento de los mismos para fines especi\u0301ficos.<\/span><\/p>\n<p><span style=\"color: #000000;\">Los mecanismos implementados para el ejercicio de los derechos ARCO son:<\/span><\/p>\n<ul>\n<li><span style=\"color: #000000;\">V\u00eda correo electr\u00f3nico solicit\u00e1ndolo a la direcci\u00f3n de correo:<\/span><\/li>\n<\/ul>\n<p><span style=\"color: #000000;\"><a href=\"mailto:hola@lacajarrota.com\" data-auto-recognition=\"true\" style=\"color: #000000;\"><\/a>info@blepsvision.com<\/span><\/p>\n<p><span style=\"color: #000000;\">Los plazos para atender su solicitud de acuerdo a lo que marca el arti\u0301culo 32 de la ley sera\u0301n un ma\u0301ximo de 20 di\u0301as ha\u0301biles contados a partir de la fecha de recepcio\u0301n de la solicitud de derechos ARCO.<\/span><\/p>\n<p><span style=\"color: #000000;\"><strong>Transferencia de Datos a Terceros<\/strong><\/span><\/p>\n<p><span style=\"color: #000000;\">EL RESPONSABLE podra\u0301 compartir \u00fanicamente con compan\u0303i\u0301as matrices, afiliadas o subsidiarias de EL RESPONSABLE, las cuales actuar\u00e1n como Encargado a nombre y por cuenta de EL RESPONSABLE en t\u00e9rminos de lo dispuesto por la Ley de la materia. Asimismo, EL RESPONSABLE se asegurara\u0301 a trave\u0301s de la firma de convenios y\/o la adopcio\u0301n de otros documentos vinculantes, que dichos terceros mantengan medidas de seguridad, administrativas, te\u0301cnicas y fi\u0301sicas adecuadas para resguardar sus datos personales, asi\u0301 como que dichos terceros u\u0301nicamente utilicen sus datos personales para las finalidades para los cuales fueron recabados y de conformidad con el presente Aviso de Privacidad.<\/span><\/p>\n<p><span style=\"color: #000000;\">Adem\u00e1s, EL RESPONSABLE podra\u0301 transferir sus datos personales a terceros, nacionales o extranjeros, cuando dicha comunicacio\u0301n de datos este\u0301 prevista en una Ley o Tratado, o bien, cuando sea requerido por resolucio\u0301n de autoridad competente. No obstante lo anterior, EL RESPONSABLE no cedera\u0301, vendera\u0301 o transferira\u0301 sus datos personales en ning\u00fan caso que no sea el previsto en el presente Aviso de Privacidad.<\/span><\/p>\n<p><span style=\"color: #000000;\">Seguridad<\/span><\/p>\n<p><span style=\"color: #000000;\">Nos comprometemos a no transferir sus datos personales sensibles asi\u0301 mismo nos abstendremos de vender, arrendar o alquilar sus datos personales a terceros. En caso de que ocurra alguna vulneracio\u0301n de seguridad en cualquier fase del tratamiento de sus datos personales, nos comprometemos a hacer del conocimiento general este hecho de manera inmediata mediante una comunicacio\u0301n a trave\u0301s de los medios id\u00f3neos, para que se tomen las medidas correspondientes a fin de resguardar sus derechos.<\/span><\/p>\n<p><span style=\"color: #000000;\">Si usted considera que su derecho de proteccio\u0301n de datos personales ha sido lesionado por alguna conducta de nuestros colaboradores o de nuestras actuaciones o respuestas, presume que en el tratamiento de sus datos personales existe alguna violacio\u0301n a las disposiciones previstas por la Ley Federal de Proteccio\u0301n de Datos Personales en Posesio\u0301n de los Particulares, podra\u0301 interponer la queja o denuncia correspondiente. Para mayor informacio\u0301n puede visitar la pa\u0301gina\u00a0<a href=\"http:\/\/www.ifai.org.mx\/\" data-auto-recognition=\"true\" style=\"color: #000000;\">www.ifai.org.mx<\/a>.<\/span><\/p>\n<p><span style=\"color: #000000;\"><strong>Modificaciones<\/strong><\/span><\/p>\n<p><span style=\"color: #000000;\">\u201cEL RESPONSABLE\u201d se reserva el derecho de efectuar modificaciones y adecuaciones al presente aviso de privacidad, para la atencio\u0301n de reformas a la misma ley, poli\u0301ticas internas o nuevos requerimientos para la prestacio\u0301n de los servicios o productos.<\/span><\/p>\n<p><span style=\"color: #000000;\">\u200bEn caso de modificaciones se pondra\u0301 a su disposicio\u0301n la versio\u0301n actualizada a trave\u0301s del env\u00edo de correo electr\u00f3nico a la direcci\u00f3n de contacto que para dicho medio nos hubiere proporcionado al momento de requerir la prestaci\u00f3n de nuestros servicios.<\/span><\/p>\n<p><span style=\"color: #000000;\">Confirmo que he informado a las personas de las cuales he proporcionado datos personales, sobre el tratamiento que se hara\u0301 de sus datos.<\/span><\/p>\n<p><span style=\"color: #000000;\"><em><span style=\"font-family: Lato; font-weight: normal;\">Fecha de \u00faltima actualizaci\u00f3n: 17\/03\/2021<\/span><\/em><\/span><\/p>\n<p>[\/et_pb_text][\/et_pb_column][\/et_pb_row][\/et_pb_section]<\/p>","protected":false},"excerpt":{"rendered":"<p>[et_pb_section fb_built=&#8221;1&#8243; admin_label=&#8221;About Section&#8221; _builder_version=&#8221;4.6.6&#8243; background_color=&#8221;#f7f7f7&#8243; custom_padding=&#8221;90px||90px|&#8221;][et_pb_row admin_label=&#8221;Section Title&#8221; _builder_version=&#8221;4.9.1&#8243; width=&#8221;58.6%&#8221; custom_margin=&#8221;|557px|79px|418px||&#8221; custom_padding=&#8221;27px|23px|0px|0px||&#8221; locked=&#8221;off&#8221;][et_pb_column type=&#8221;4_4&#8243; _builder_version=&#8221;3.25&#8243; custom_padding=&#8221;|||&#8221; custom_padding__hover=&#8221;|||&#8221;][et_pb_text admin_label=&#8221;Title&#8221; _builder_version=&#8221;4.9.1&#8243; text_font=&#8221;||||||||&#8221; text_text_color=&#8221;#446572&#8243; header_font=&#8221;||||||||&#8221; header_text_color=&#8221;#446572&#8243; header_2_font=&#8221;Montserrat|600||on|||||&#8221; header_2_text_align=&#8221;center&#8221; header_2_font_size=&#8221;30px&#8221; custom_margin=&#8221;||5px|&#8221; animation_style=&#8221;slide&#8221; animation_direction=&#8221;top&#8221; animation_intensity_slide=&#8221;20%&#8221; animation_starting_opacity=&#8221;100%&#8221; hover_enabled=&#8221;0&#8243; sticky_enabled=&#8221;0&#8243;] Aviso de privacidad [\/et_pb_text][et_pb_text _builder_version=&#8221;4.9.1&#8243; _module_preset=&#8221;default&#8221; inline_fonts=&#8221;Lato&#8221;] Identidad y Domicilio del Responsable BLEPS VISION S.A. de C.V., a quien en lo [&hellip;]<\/p>","protected":false},"author":3,"featured_media":0,"parent":0,"menu_order":0,"comment_status":"closed","ping_status":"closed","template":"","meta":{"nf_dc_page":"","_et_pb_use_builder":"on","_et_pb_old_content":"","_et_gb_content_width":"","footnotes":""},"class_list":["post-180","page","type-page","status-publish","hentry"],"jetpack_sharing_enabled":true,"_links":{"self":[{"href":"https:\/\/blepsvision.com\/en\/wp-json\/wp\/v2\/pages\/180","targetHints":{"allow":["GET"]}}],"collection":[{"href":"https:\/\/blepsvision.com\/en\/wp-json\/wp\/v2\/pages"}],"about":[{"href":"https:\/\/blepsvision.com\/en\/wp-json\/wp\/v2\/types\/page"}],"author":[{"embeddable":true,"href":"https:\/\/blepsvision.com\/en\/wp-json\/wp\/v2\/users\/3"}],"replies":[{"embeddable":true,"href":"https:\/\/blepsvision.com\/en\/wp-json\/wp\/v2\/comments?post=180"}],"version-history":[{"count":5,"href":"https:\/\/blepsvision.com\/en\/wp-json\/wp\/v2\/pages\/180\/revisions"}],"predecessor-version":[{"id":357,"href":"https:\/\/blepsvision.com\/en\/wp-json\/wp\/v2\/pages\/180\/revisions\/357"}],"wp:attachment":[{"href":"https:\/\/blepsvision.com\/en\/wp-json\/wp\/v2\/media?parent=180"}],"curies":[{"name":"wp","href":"https:\/\/api.w.org\/{rel}","templated":true}]}}

<p>[et_pb_section fb_built=&#8221;1&#8243; admin_label=&#8221;About Section&#8221; _builder_version=&#8221;4.6.6&#8243; background_color=&#8221;#f7f7f7&#8243; custom_padding=&#8221;90px||90px|&#8221;][et_pb_row admin_label=&#8221;Section Title&#8221; _builder_version=&#8221;4.9.1&#8243; width=&#8221;58.6%&#8221; custom_margin=&#8221;|557px|79px|418px||&#8221; custom_padding=&#8221;27px|23px|0px|0px||&#8221; locked=&#8221;off&#8221;][et_pb_column type=&#8221;4_4&#8243; _builder_version=&#8221;3.25&#8243; custom_padding=&#8221;|||&#8221; custom_padding__hover=&#8221;|||&#8221;][et_pb_text admin_label=&#8221;Title&#8221; _builder_version=&#8221;4.9.1&#8243; text_font=&#8221;||||||||&#8221; text_text_color=&#8221;#446572&#8243; header_font=&#8221;||||||||&#8221; header_text_color=&#8221;#446572&#8243; header_2_font=&#8221;Montserrat|600||on|||||&#8221; header_2_text_align=&#8221;center&#8221; header_2_font_size=&#8221;30px&#8221; custom_margin=&#8221;||5px|&#8221; animation_style=&#8221;slide&#8221; animation_direction=&#8221;top&#8221; animation_intensity_slide=&#8221;20%&#8221; animation_starting_opacity=&#8221;100%&#8221; hover_enabled=&#8221;0&#8243; sticky_enabled=&#8221;0&#8243;]</p>
<h2 style="text-align: center;"><span style="color: #446572;">Aviso de privacidad</span></h2>
<p>[/et_pb_text][et_pb_text _builder_version=&#8221;4.9.1&#8243; _module_preset=&#8221;default&#8221; inline_fonts=&#8221;Lato&#8221;]</p>
<p><span style="color: #000000;"><strong>Identidad y Domicilio del Responsable</strong></span></p>
<p><span style="color: #000000;">BLEPS VISION S.A. de C.V., a quien en lo subsecuente se le denominará EL RESPONSABLE, con domicilio en Prolongación Uruapan poniente 1418 int 21   Col. La Michoacana. Metepec, Estado de México, C.P. 52166, hace de su conocimiento lo siguiente: EL RESPONSABLE, lo es de la recolección y manejo de sus datos personales y para estos efectos cumple con todos los requerimientos estipulados por la ley de la materia y demás ordenamientos relativos en materia de Protección de Datos Personales. De manera particular más no exclusiva se cumplen con los principios que incluyen licitud, calidad, seguridad, consentimiento y responsabilidad.</span></p>
<p><span style="color: #000000;"><strong>Medios de obtención y recolección de Datos Personales.</strong></span></p>
<p><span style="color: #000000;">“EL RESPONSABLE” hace de su conocimiento que sus datos pueden ser recabados por los siguientes medios:</span></p>
<ul>
<li><span style="color: #000000;">De manera directa y personal en nuestras oficinas con el domicilio anteriormente mencionado.</span></li>
<li><span style="color: #000000;">Vía telefónica.</span></li>
<li><span style="color: #000000;">Vía Correo Electrónico.</span></li>
<li><span style="color: #000000;">Vía nuestro sitio web</span></li>
</ul>
<p><span style="color: #000000;"><strong>Datos Personales a Recabar</strong></span></p>
<p><span style="color: #000000;">De igual manera hacemos de su conocimiento que recopilaremos los siguientes datos de manera directa:</span></p>
<ul>
<li><span style="color: #000000;">Name and surname</span></li>
<li><span style="color: #000000;">Fecha de nacimiento.</span></li>
<li><span style="color: #000000;">Código Postal.</span></li>
<li><span style="color: #000000;">Correo electrónico.</span></li>
<li><span style="color: #000000;">Teléfono.</span></li>
<li><span style="color: #000000;">Profesión</span></li>
</ul>
<p><span style="color: #000000;"><strong>Usos de los Datos</strong></span></p>
<p><span style="color: #000000;">​EL RESPONSABLE recaba, utiliza, almacena, transmite o transfiere sus datos personales, en la medida en que la Ley lo permite, para cumplir con las obligaciones derivadas de la relación de Cliente/Prestador de Servicios que con usted se cree, así como para otorgar los servicios contratados, Trámites de facturación y envío de comunicaciones promocionales de productos y servicios.</span></p>
<p><span style="color: #000000;">EL RESPONSABLE podrá hacer uso de sus datos personales para otras finalidades, siempre y cuando dichas finalidades sean compatibles y puedan considerarse análogas a las anteriores.</span></p>
<p><span style="color: #000000;"><strong>Derechos ARCO</strong></span></p>
<p><span style="color: #000000;">Usted tiene derecho a Acceder a sus datos personales que poseemos y al detalle de los tratamientos de los mismos, Rectificarlos en caso de que sean inexactos o incompletos, Cancelarlos cuando considere que no se requieren para alguna de las finalidades señaladas en el presente Aviso de Privacidad, estén siendo utilizados para fines no consentidos, o haya finalizado la relación contractual o de servicio, o bien Oponerse al tratamiento de los mismos para fines específicos.</span></p>
<p><span style="color: #000000;">Los mecanismos implementados para el ejercicio de los derechos ARCO son:</span></p>
<ul>
<li><span style="color: #000000;">Vía correo electrónico solicitándolo a la dirección de correo:</span></li>
</ul>
<p><span style="color: #000000;"><a href="mailto:hola@lacajarrota.com" data-auto-recognition="true" style="color: #000000;"></a>info@blepsvision.com</span></p>
<p><span style="color: #000000;">Los plazos para atender su solicitud de acuerdo a lo que marca el artículo 32 de la ley serán un máximo de 20 días hábiles contados a partir de la fecha de recepción de la solicitud de derechos ARCO.</span></p>
<p><span style="color: #000000;"><strong>Transferencia de Datos a Terceros</strong></span></p>
<p><span style="color: #000000;">EL RESPONSABLE podrá compartir únicamente con compañías matrices, afiliadas o subsidiarias de EL RESPONSABLE, las cuales actuarán como Encargado a nombre y por cuenta de EL RESPONSABLE en términos de lo dispuesto por la Ley de la materia. Asimismo, EL RESPONSABLE se asegurará a través de la firma de convenios y/o la adopción de otros documentos vinculantes, que dichos terceros mantengan medidas de seguridad, administrativas, técnicas y físicas adecuadas para resguardar sus datos personales, así como que dichos terceros únicamente utilicen sus datos personales para las finalidades para los cuales fueron recabados y de conformidad con el presente Aviso de Privacidad.</span></p>
<p><span style="color: #000000;">Además, EL RESPONSABLE podrá transferir sus datos personales a terceros, nacionales o extranjeros, cuando dicha comunicación de datos esté prevista en una Ley o Tratado, o bien, cuando sea requerido por resolución de autoridad competente. No obstante lo anterior, EL RESPONSABLE no cederá, venderá o transferirá sus datos personales en ningún caso que no sea el previsto en el presente Aviso de Privacidad.</span></p>
<p><span style="color: #000000;">Seguridad</span></p>
<p><span style="color: #000000;">Nos comprometemos a no transferir sus datos personales sensibles así mismo nos abstendremos de vender, arrendar o alquilar sus datos personales a terceros. En caso de que ocurra alguna vulneración de seguridad en cualquier fase del tratamiento de sus datos personales, nos comprometemos a hacer del conocimiento general este hecho de manera inmediata mediante una comunicación a través de los medios idóneos, para que se tomen las medidas correspondientes a fin de resguardar sus derechos.</span></p>
<p><span style="color: #000000;">Si usted considera que su derecho de protección de datos personales ha sido lesionado por alguna conducta de nuestros colaboradores o de nuestras actuaciones o respuestas, presume que en el tratamiento de sus datos personales existe alguna violación a las disposiciones previstas por la Ley Federal de Protección de Datos Personales en Posesión de los Particulares, podrá interponer la queja o denuncia correspondiente. Para mayor información puede visitar la página <a href="http://www.ifai.org.mx/" data-auto-recognition="true" style="color: #000000;">www.ifai.org.mx</a>.</span></p>
<p><span style="color: #000000;"><strong>Modificaciones</strong></span></p>
<p><span style="color: #000000;">“EL RESPONSABLE” se reserva el derecho de efectuar modificaciones y adecuaciones al presente aviso de privacidad, para la atención de reformas a la misma ley, políticas internas o nuevos requerimientos para la prestación de los servicios o productos.</span></p>
<p><span style="color: #000000;">​En caso de modificaciones se pondrá a su disposición la versión actualizada a través del envío de correo electrónico a la dirección de contacto que para dicho medio nos hubiere proporcionado al momento de requerir la prestación de nuestros servicios.</span></p>
<p><span style="color: #000000;">Confirmo que he informado a las personas de las cuales he proporcionado datos personales, sobre el tratamiento que se hará de sus datos.</span></p>
<p><span style="color: #000000;"><em><span style="font-family: Lato; font-weight: normal;">Fecha de última actualización: 17/03/2021</span></em></span></p>
<p>[/et_pb_text][/et_pb_column][/et_pb_row][/et_pb_section]</p>
